{"id":149,"date":"2021-09-24T01:55:11","date_gmt":"2021-09-23T23:55:11","guid":{"rendered":"https:\/\/ressources-humaines-consulting.com\/?page_id=149"},"modified":"2023-02-03T12:28:09","modified_gmt":"2023-02-03T11:28:09","slug":"creation-dentreprise","status":"publish","type":"page","link":"https:\/\/ressources-humaines-consulting.com\/index.php\/creation-dentreprise\/","title":{"rendered":"Cr\u00e9ation d&rsquo;entreprise"},"content":{"rendered":"<p class=\"has-text-align-center has-white-color has-text-color has-background has-medium-font-size\" style=\"background-color:#a3a3a3\">Offre cr\u00e9ation d&rsquo;entreprise<br>Dur\u00e9e\u202f :&nbsp;12&nbsp;heures&nbsp;<br>Lieu\u202f:&nbsp;\u00c0 distance&nbsp;&nbsp;<br>Public\u202f: Personne porteuse de projet professionnel individuel.&nbsp;<\/p>\t\t\t\t\t\t<style>\r\n\t\t\t\t<style>\r\n#wpsm_accordion_176 .wpsm_panel-heading{\r\n\tpadding:0px !important;\r\n}\r\n#wpsm_accordion_176 .wpsm_panel-title {\r\n\tmargin:0px !important; \r\n\ttext-transform:none !important;\r\n\tline-height: 1 !important;\r\n}\r\n#wpsm_accordion_176 .wpsm_panel-title a{\r\n\ttext-decoration:none;\r\n\toverflow:hidden;\r\n\tdisplay:block;\r\n\tpadding:0px;\r\n\tfont-size: 18px !important;\r\n\tfont-family: Open Sans !important;\r\n\tcolor:#000000 !important;\r\n\tborder-bottom:0px !important;\r\n}\r\n\r\n#wpsm_accordion_176 .wpsm_panel-title a:focus {\r\noutline: 0px !important;\r\n}\r\n\r\n#wpsm_accordion_176 .wpsm_panel-title a:hover, #wpsm_accordion_176 .wpsm_panel-title a:focus {\r\n\tcolor:#000000 !important;\r\n}\r\n#wpsm_accordion_176 .acc-a{\r\n\tcolor: #000000 !important;\r\n\tbackground-color:#e8e8e8 !important;\r\n\tborder-color: #ddd;\r\n}\r\n#wpsm_accordion_176 .wpsm_panel-default > .wpsm_panel-heading{\r\n\tcolor: #000000 !important;\r\n\tbackground-color: #e8e8e8 !important;\r\n\tborder-color: #e8e8e8 !important;\r\n\tborder-top-left-radius: 0px;\r\n\tborder-top-right-radius: 0px;\r\n}\r\n#wpsm_accordion_176 .wpsm_panel-default {\r\n\t\tborder:1px solid transparent !important;\r\n\t}\r\n#wpsm_accordion_176 {\r\n\tmargin-bottom: 20px;\r\n\toverflow: hidden;\r\n\tfloat: none;\r\n\twidth: 100%;\r\n\tdisplay: block;\r\n}\r\n#wpsm_accordion_176 .ac_title_class{\r\n\tdisplay: block;\r\n\tpadding-top: 12px;\r\n\tpadding-bottom: 12px;\r\n\tpadding-left: 15px;\r\n\tpadding-right: 15px;\r\n}\r\n#wpsm_accordion_176  .wpsm_panel {\r\n\toverflow:hidden;\r\n\t-webkit-box-shadow: 0 0px 0px rgba(0, 0, 0, .05);\r\n\tbox-shadow: 0 0px 0px rgba(0, 0, 0, .05);\r\n\t\tborder-radius: 4px;\r\n\t}\r\n#wpsm_accordion_176  .wpsm_panel + .wpsm_panel {\r\n\t\tmargin-top: 5px;\r\n\t}\r\n#wpsm_accordion_176  .wpsm_panel-body{\r\n\tbackground-color:#ffffff !important;\r\n\tcolor:#000000 !important;\r\n\tborder-top-color: #e8e8e8 !important;\r\n\tfont-size:16px !important;\r\n\tfont-family: Open Sans !important;\r\n\toverflow: hidden;\r\n\t\tborder: 2px solid #e8e8e8 !important;\r\n\t}\r\n\r\n#wpsm_accordion_176 .ac_open_cl_icon{\r\n\tbackground-color:#e8e8e8 !important;\r\n\tcolor: #000000 !important;\r\n\tfloat:right !important;\r\n\tpadding-top: 12px !important;\r\n\tpadding-bottom: 12px !important;\r\n\tline-height: 1.0 !important;\r\n\tpadding-left: 15px !important;\r\n\tpadding-right: 15px !important;\r\n\tdisplay: inline-block !important;\r\n}\r\n\r\n\t\t\t\r\n\t\t\t<\/style>\t\r\n\t\t\t<\/style>\r\n\t\t\t<div class=\"wpsm_panel-group\" id=\"wpsm_accordion_176\" >\r\n\t\t\t\t\t\t\t\t\r\n\t\t\t\t\t<!-- Inner panel Start -->\r\n\t\t\t\t\t<div class=\"wpsm_panel wpsm_panel-default\">\r\n\t\t\t\t\t\t<div class=\"wpsm_panel-heading\" role=\"tab\" >\r\n\t\t\t\t\t\t  <h4 class=\"wpsm_panel-title\">\r\n\t\t\t\t\t\t\t<a  class=\"\"  data-toggle=\"collapse\" data-parent=\"#wpsm_accordion_176 \" href=\"javascript:void(0)\" data-target=\"#ac_176_collapse1\" onclick=\"do_resize()\">\r\n\t\t\t\t\t\t\t\t\t\t\t\t\t\t\t\t\t<span class=\"ac_open_cl_icon fa fa-plus\"><\/span>\r\n\t\t\t\t\t\t\t\t\t\r\n\t\t\t\t\t\t\t\t \r\n\t\t\t\t\t\t\t\t<span class=\"ac_title_class\">\r\n\t\t\t\t\t\t\t\t\t\t\t\t\t\t\t\t\t\t\t\t<span style=\"margin-right:6px;\" class=\"fa fa-bank\"><\/span>\r\n\t\t\t\t\t\t\t\t\tProgramme\t\t\t\t\t\t\t\t<\/span>\r\n\t\t\t\t\t\t\t<\/a>\r\n\t\t\t\t\t\t  <\/h4>\r\n\t\t\t\t\t\t<\/div>\r\n\t\t\t\t\t\t<div id=\"ac_176_collapse1\" class=\"wpsm_panel-collapse collapse \"  >\r\n\t\t\t\t\t\t  <div class=\"wpsm_panel-body\">\r\n\t\t\t\t\t\t\t<p style=\"text-align: left;\">La\u202fcr\u00e9ation ou la reprise d\u2019entreprise\u202fdemande un certain nombre de comp\u00e9tences en gestion, comptabilit\u00e9, droit, droit social et techniques commerciales et en communication dont certaines peuvent vous faire d\u00e9faut.\u202fSe former\u202fen amont vous permettra de mieux vous concentrer ensuite sur votre activit\u00e9.<\/p>\r\n<p style=\"text-align: left;\">Pour garantir votre r\u00e9ussite, nous proposons au futur entrepreneur une\u202fformation \u00e0 distance\u202fqui lui donnera les \u00e9l\u00e9ments permettant de pr\u00e9senter un projet fiable aupr\u00e8s des organismes financiers et de r\u00e9unir les outils n\u00e9cessaires \u00e0 la r\u00e9ussite de son projet professionnel au quotidien.<\/p>\r\n<p style=\"text-align: center;\">Objectif et int\u00e9r\u00eat :<\/p>\r\n<p style=\"text-align: left;\">Que vous vous lanciez seul ou en \u00e9quipe, suivre une formation offre plusieurs avantages :<\/p>\r\n<p style=\"text-align: left;\">Acqu\u00e9rir des m\u00e9thodes pour monter votre business plan et votre strat\u00e9gie d'entreprise,<\/p>\r\n<p style=\"text-align: left;\">Ma\u00eetriser un certain nombre d'outils qui vous permettront d'\u00e9viter des erreurs \"de d\u00e9butant\" pendant la phase de d\u00e9marrage et de premier d\u00e9veloppement de votre entreprise et donc de partir avec de nombreux atouts en main,<\/p>\r\n<p style=\"text-align: left;\">Identifier les centres de ressources qui vous seront utiles apr\u00e8s le d\u00e9marrage de votre entreprise,<\/p>\r\n<p style=\"text-align: left;\">Mais aussi rencontrer d'autres porteurs de projet, \u00e9changer avec eux, confronter vos points de vue (d\u00e9sint\u00e9ress\u00e9s) sur votre dossier, croiser vos comp\u00e9tences\u2026 Les liens \u00e9labor\u00e9s lors de formations sont souvent poursuivis apr\u00e8s la cr\u00e9ation et conduisent \u00e0 la connexion \u00e0 des r\u00e9seaux professionnels ou sociaux pertinents.<\/p>\r\n<p style=\"text-align: left;\">Th\u00e8mes\u202f:<\/p>\r\n\r\n<ul>\r\n \t<li>D\u00e9finir et confirmer son projet<\/li>\r\n \t<li>Comment choisir le type d\u2019entreprise en fonction de mon profil :\u202fauto-entrepreneur, micro-entrepreneur, SAS, SARL, les avantages et les contraintes\u2026<\/li>\r\n \t<li>R\u00e9aliser un business plan ou Business Model Canvas.<\/li>\r\n \t<li>R\u00e9aliser un plan de communication.<\/li>\r\n \t<li>Choisir ses locaux :\u202fdomicile, magasin, entrep\u00f4t, bureau., les avantages et les inconv\u00e9nients<\/li>\r\n \t<li>Les d\u00e9penses li\u00e9es \u00e0 l\u2019installation :\u202fam\u00e9nagement, achat de mati\u00e8res premi\u00e8res, communication\u2026<\/li>\r\n \t<li>Comment financer son projet :\u202f\u00e9conomies, pr\u00eats personnels, emprunts bancaires, aide de l\u2019\u00e9tat, crowdfunding\u2026<\/li>\r\n<\/ul>\t\t\t\t\t\t  <\/div>\r\n\t\t\t\t\t\t<\/div>\r\n\t\t\t\t\t<\/div>\r\n\t\t\t\t\t<!-- Inner panel End -->\r\n\t\t\t\t\t\r\n\t\t\t\t\t\t\t<\/div>\r\n\t\t\t\r\n<script type=\"text\/javascript\">\r\n\t\r\n\t\tfunction do_resize(){\r\n\r\n\t\t\tvar width=jQuery( '.wpsm_panel .wpsm_panel-body iframe' ).width();\r\n\t\t\tvar height=jQuery( '.wpsm_panel .wpsm_panel-body iframe' ).height();\r\n\r\n\t\t\tvar toggleSize = true;\r\n\t\t\tjQuery('iframe').animate({\r\n\t\t\t    width: toggleSize ? width : 640,\r\n\t\t\t    height: toggleSize ? height : 360\r\n\t\t\t  }, 250);\r\n\r\n\t\t\t  toggleSize = !toggleSize;\r\n\t\t}\r\n\t\t\r\n<\/script>\t<div class=\"wp-block-buttons is-horizontal is-content-justification-center is-layout-flex wp-container-core-buttons-is-layout-1 wp-block-buttons-is-layout-flex\"><div class=\"wp-block-button has-custom-font-size has-medium-font-size\"><a class=\"wp-block-button__link wp-element-button\" href=\"https:\/\/devenez-independant.com\/devenez-independant\">Inscription ouverte<\/a><\/div><\/div>","protected":false},"excerpt":{"rendered":"<p>Offre cr\u00e9ation d&rsquo;entrepriseDur\u00e9e\u202f :&nbsp;12&nbsp;heures&nbsp;Lieu\u202f:&nbsp;\u00c0 distance&nbsp;&nbsp;Public\u202f: Personne porteuse de projet professionnel individuel.&nbsp;<\/p>\n","protected":false},"author":1,"featured_media":0,"parent":0,"menu_order":0,"comment_status":"closed","ping_status":"closed","template":"","meta":{"footnotes":""},"class_list":["post-149","page","type-page","status-publish","hentry"],"_links":{"self":[{"href":"https:\/\/ressources-humaines-consulting.com\/index.php\/wp-json\/wp\/v2\/pages\/149","targetHints":{"allow":["GET"]}}],"collection":[{"href":"https:\/\/ressources-humaines-consulting.com\/index.php\/wp-json\/wp\/v2\/pages"}],"about":[{"href":"https:\/\/ressources-humaines-consulting.com\/index.php\/wp-json\/wp\/v2\/types\/page"}],"author":[{"embeddable":true,"href":"https:\/\/ressources-humaines-consulting.com\/index.php\/wp-json\/wp\/v2\/users\/1"}],"replies":[{"embeddable":true,"href":"https:\/\/ressources-humaines-consulting.com\/index.php\/wp-json\/wp\/v2\/comments?post=149"}],"version-history":[{"count":17,"href":"https:\/\/ressources-humaines-consulting.com\/index.php\/wp-json\/wp\/v2\/pages\/149\/revisions"}],"predecessor-version":[{"id":487,"href":"https:\/\/ressources-humaines-consulting.com\/index.php\/wp-json\/wp\/v2\/pages\/149\/revisions\/487"}],"wp:attachment":[{"href":"https:\/\/ressources-humaines-consulting.com\/index.php\/wp-json\/wp\/v2\/media?parent=149"}],"curies":[{"name":"wp","href":"https:\/\/api.w.org\/{rel}","templated":true}]}}